{"id":738,"date":"2019-03-11T22:25:07","date_gmt":"2019-03-11T19:25:07","guid":{"rendered":"http:\/\/salterltd.com.tr\/?page_id=738"},"modified":"2019-10-11T16:48:55","modified_gmt":"2019-10-11T13:48:55","slug":"akim-baskili-fren-ve-kavramalar","status":"publish","type":"page","link":"http:\/\/salterltd.com.tr\/index.php\/urunler\/fren-ve-kavramalar\/akim-baskili-fren-ve-kavramalar\/","title":{"rendered":"Ak\u0131m Bask\u0131l\u0131 Fren ve Kavramalar"},"content":{"rendered":"\t\t<div data-elementor-type=\"wp-post\" data-elementor-id=\"738\" class=\"elementor elementor-738\">\n\t\t\t\t\t\t<div class=\"elementor-inner\">\n\t\t\t\t<div class=\"elementor-section-wrap\">\n\t\t\t\t\t\t\t\t\t<section class=\"elementor-section elementor-top-section elementor-element elementor-element-c322001 elementor-section-boxed elementor-section-height-default elementor-section-height-default\" data-id=\"c322001\" data-element_type=\"section\">\n\t\t\t\t\t\t<div class=\"elementor-container elementor-column-gap-default\">\n\t\t\t\t\t\t\t<div class=\"elementor-row\">\n\t\t\t\t\t<div class=\"elementor-column elementor-col-50 elementor-top-column elementor-element elementor-element-2a19713\" data-id=\"2a19713\" data-element_type=\"column\">\n\t\t\t<div class=\"elementor-column-wrap elementor-element-populated\">\n\t\t\t\t\t\t\t<div class=\"elementor-widget-wrap\">\n\t\t\t\t\t\t<div class=\"elementor-element elementor-element-4aa1a32 elementor-widget elementor-widget-image\" data-id=\"4aa1a32\" data-element_type=\"widget\" data-widget_type=\"image.default\">\n\t\t\t\t<div class=\"elementor-widget-container\">\n\t\t\t\t\t\t\t\t<div class=\"elementor-image\">\n\t\t\t\t\t\t\t\t\t\t\t\t<img width=\"768\" height=\"1024\" src=\"http:\/\/salterltd.com.tr\/wp-content\/uploads\/2019\/03\/Ak\u0131m-Bask\u0131l\u0131-Fren-ve-Kavramalar-768x1024.jpg\" class=\"attachment-large size-large\" alt=\"\" loading=\"lazy\" srcset=\"http:\/\/salterltd.com.tr\/wp-content\/uploads\/2019\/03\/Ak\u0131m-Bask\u0131l\u0131-Fren-ve-Kavramalar-768x1024.jpg 768w, http:\/\/salterltd.com.tr\/wp-content\/uploads\/2019\/03\/Ak\u0131m-Bask\u0131l\u0131-Fren-ve-Kavramalar-225x300.jpg 225w, http:\/\/salterltd.com.tr\/wp-content\/uploads\/2019\/03\/Ak\u0131m-Bask\u0131l\u0131-Fren-ve-Kavramalar-600x800.jpg 600w\" sizes=\"(max-width: 768px) 100vw, 768px\" \/>\t\t\t\t\t\t\t\t\t\t\t\t\t\t<\/div>\n\t\t\t\t\t\t<\/div>\n\t\t\t\t<\/div>\n\t\t\t\t<div class=\"elementor-element elementor-element-5a3eda8 elementor-widget elementor-widget-image-gallery\" data-id=\"5a3eda8\" data-element_type=\"widget\" data-widget_type=\"image-gallery.default\">\n\t\t\t\t<div class=\"elementor-widget-container\">\n\t\t\t\t\t<div class=\"elementor-image-gallery\">\n\t\t\t<div id='gallery-1' class='gallery galleryid-738 gallery-columns-4 gallery-size-thumbnail'><figure class='gallery-item'>\n\t\t\t<div class='gallery-icon portrait'>\n\t\t\t\t<a data-elementor-open-lightbox=\"yes\" data-elementor-lightbox-slideshow=\"5a3eda8\" data-elementor-lightbox-title=\"Ak\u0131m Bask\u0131l\u0131 Fren Ve Kavramalar resim2\" e-action-hash=\"#elementor-action%3Aaction%3Dlightbox%26settings%3DeyJpZCI6NzY2LCJ1cmwiOiJodHRwOlwvXC9zYWx0ZXJsdGQuY29tLnRyXC93cC1jb250ZW50XC91cGxvYWRzXC8yMDE5XC8wM1wvQWtcdTAxMzFtLUJhc2tcdTAxMzFsXHUwMTMxLUZyZW4tVmUtS2F2cmFtYWxhci1yZXNpbTIuanBnIiwic2xpZGVzaG93IjoiNWEzZWRhOCJ9\" href='http:\/\/salterltd.com.tr\/wp-content\/uploads\/2019\/03\/Ak\u0131m-Bask\u0131l\u0131-Fren-Ve-Kavramalar-resim2.jpg'><img width=\"150\" height=\"150\" src=\"http:\/\/salterltd.com.tr\/wp-content\/uploads\/2019\/03\/Ak\u0131m-Bask\u0131l\u0131-Fren-Ve-Kavramalar-resim2-150x150.jpg\" class=\"attachment-thumbnail size-thumbnail\" alt=\"\" loading=\"lazy\" srcset=\"http:\/\/salterltd.com.tr\/wp-content\/uploads\/2019\/03\/Ak\u0131m-Bask\u0131l\u0131-Fren-Ve-Kavramalar-resim2-150x150.jpg 150w, http:\/\/salterltd.com.tr\/wp-content\/uploads\/2019\/03\/Ak\u0131m-Bask\u0131l\u0131-Fren-Ve-Kavramalar-resim2-300x300.jpg 300w, http:\/\/salterltd.com.tr\/wp-content\/uploads\/2019\/03\/Ak\u0131m-Bask\u0131l\u0131-Fren-Ve-Kavramalar-resim2-100x100.jpg 100w\" sizes=\"(max-width: 150px) 100vw, 150px\" \/><\/a>\n\t\t\t<\/div><\/figure><figure class='gallery-item'>\n\t\t\t<div class='gallery-icon portrait'>\n\t\t\t\t<a data-elementor-open-lightbox=\"yes\" data-elementor-lightbox-slideshow=\"5a3eda8\" data-elementor-lightbox-title=\"Ak\u0131m Bask\u0131l\u0131 Fren Ve Kavramalar resim3\" e-action-hash=\"#elementor-action%3Aaction%3Dlightbox%26settings%3DeyJpZCI6NzY3LCJ1cmwiOiJodHRwOlwvXC9zYWx0ZXJsdGQuY29tLnRyXC93cC1jb250ZW50XC91cGxvYWRzXC8yMDE5XC8wM1wvQWtcdTAxMzFtLUJhc2tcdTAxMzFsXHUwMTMxLUZyZW4tVmUtS2F2cmFtYWxhci1yZXNpbTMuanBnIiwic2xpZGVzaG93IjoiNWEzZWRhOCJ9\" href='http:\/\/salterltd.com.tr\/wp-content\/uploads\/2019\/03\/Ak\u0131m-Bask\u0131l\u0131-Fren-Ve-Kavramalar-resim3.jpg'><img width=\"150\" height=\"150\" src=\"http:\/\/salterltd.com.tr\/wp-content\/uploads\/2019\/03\/Ak\u0131m-Bask\u0131l\u0131-Fren-Ve-Kavramalar-resim3-150x150.jpg\" class=\"attachment-thumbnail size-thumbnail\" alt=\"\" loading=\"lazy\" srcset=\"http:\/\/salterltd.com.tr\/wp-content\/uploads\/2019\/03\/Ak\u0131m-Bask\u0131l\u0131-Fren-Ve-Kavramalar-resim3-150x150.jpg 150w, http:\/\/salterltd.com.tr\/wp-content\/uploads\/2019\/03\/Ak\u0131m-Bask\u0131l\u0131-Fren-Ve-Kavramalar-resim3-300x300.jpg 300w, http:\/\/salterltd.com.tr\/wp-content\/uploads\/2019\/03\/Ak\u0131m-Bask\u0131l\u0131-Fren-Ve-Kavramalar-resim3-100x100.jpg 100w\" sizes=\"(max-width: 150px) 100vw, 150px\" \/><\/a>\n\t\t\t<\/div><\/figure><figure class='gallery-item'>\n\t\t\t<div class='gallery-icon portrait'>\n\t\t\t\t<a data-elementor-open-lightbox=\"yes\" data-elementor-lightbox-slideshow=\"5a3eda8\" data-elementor-lightbox-title=\"Ak\u0131m Bask\u0131l\u0131 Fren Ve Kavramalar resim4\" e-action-hash=\"#elementor-action%3Aaction%3Dlightbox%26settings%3DeyJpZCI6NzY4LCJ1cmwiOiJodHRwOlwvXC9zYWx0ZXJsdGQuY29tLnRyXC93cC1jb250ZW50XC91cGxvYWRzXC8yMDE5XC8wM1wvQWtcdTAxMzFtLUJhc2tcdTAxMzFsXHUwMTMxLUZyZW4tVmUtS2F2cmFtYWxhci1yZXNpbTQuanBnIiwic2xpZGVzaG93IjoiNWEzZWRhOCJ9\" href='http:\/\/salterltd.com.tr\/wp-content\/uploads\/2019\/03\/Ak\u0131m-Bask\u0131l\u0131-Fren-Ve-Kavramalar-resim4.jpg'><img width=\"150\" height=\"150\" src=\"http:\/\/salterltd.com.tr\/wp-content\/uploads\/2019\/03\/Ak\u0131m-Bask\u0131l\u0131-Fren-Ve-Kavramalar-resim4-150x150.jpg\" class=\"attachment-thumbnail size-thumbnail\" alt=\"\" loading=\"lazy\" srcset=\"http:\/\/salterltd.com.tr\/wp-content\/uploads\/2019\/03\/Ak\u0131m-Bask\u0131l\u0131-Fren-Ve-Kavramalar-resim4-150x150.jpg 150w, http:\/\/salterltd.com.tr\/wp-content\/uploads\/2019\/03\/Ak\u0131m-Bask\u0131l\u0131-Fren-Ve-Kavramalar-resim4-300x300.jpg 300w, http:\/\/salterltd.com.tr\/wp-content\/uploads\/2019\/03\/Ak\u0131m-Bask\u0131l\u0131-Fren-Ve-Kavramalar-resim4-100x100.jpg 100w\" sizes=\"(max-width: 150px) 100vw, 150px\" \/><\/a>\n\t\t\t<\/div><\/figure><figure class='gallery-item'>\n\t\t\t<div class='gallery-icon portrait'>\n\t\t\t\t<a data-elementor-open-lightbox=\"yes\" data-elementor-lightbox-slideshow=\"5a3eda8\" data-elementor-lightbox-title=\"Ak\u0131m Bask\u0131l\u0131 Fren Ve Kavramalar resim5\" e-action-hash=\"#elementor-action%3Aaction%3Dlightbox%26settings%3DeyJpZCI6NzY5LCJ1cmwiOiJodHRwOlwvXC9zYWx0ZXJsdGQuY29tLnRyXC93cC1jb250ZW50XC91cGxvYWRzXC8yMDE5XC8wM1wvQWtcdTAxMzFtLUJhc2tcdTAxMzFsXHUwMTMxLUZyZW4tVmUtS2F2cmFtYWxhci1yZXNpbTUuanBnIiwic2xpZGVzaG93IjoiNWEzZWRhOCJ9\" href='http:\/\/salterltd.com.tr\/wp-content\/uploads\/2019\/03\/Ak\u0131m-Bask\u0131l\u0131-Fren-Ve-Kavramalar-resim5.jpg'><img width=\"150\" height=\"150\" src=\"http:\/\/salterltd.com.tr\/wp-content\/uploads\/2019\/03\/Ak\u0131m-Bask\u0131l\u0131-Fren-Ve-Kavramalar-resim5-150x150.jpg\" class=\"attachment-thumbnail size-thumbnail\" alt=\"\" loading=\"lazy\" srcset=\"http:\/\/salterltd.com.tr\/wp-content\/uploads\/2019\/03\/Ak\u0131m-Bask\u0131l\u0131-Fren-Ve-Kavramalar-resim5-150x150.jpg 150w, http:\/\/salterltd.com.tr\/wp-content\/uploads\/2019\/03\/Ak\u0131m-Bask\u0131l\u0131-Fren-Ve-Kavramalar-resim5-300x300.jpg 300w, http:\/\/salterltd.com.tr\/wp-content\/uploads\/2019\/03\/Ak\u0131m-Bask\u0131l\u0131-Fren-Ve-Kavramalar-resim5-100x100.jpg 100w\" sizes=\"(max-width: 150px) 100vw, 150px\" \/><\/a>\n\t\t\t<\/div><\/figure>\n\t\t<\/div>\n\t\t<\/div>\n\t\t\t\t<\/div>\n\t\t\t\t<\/div>\n\t\t\t\t\t\t<\/div>\n\t\t\t\t\t<\/div>\n\t\t<\/div>\n\t\t\t\t<div class=\"elementor-column elementor-col-50 elementor-top-column elementor-element elementor-element-8adf45d\" data-id=\"8adf45d\" data-element_type=\"column\">\n\t\t\t<div class=\"elementor-column-wrap elementor-element-populated\">\n\t\t\t\t\t\t\t<div class=\"elementor-widget-wrap\">\n\t\t\t\t\t\t<div class=\"elementor-element elementor-element-a4114cf elementor-widget elementor-widget-heading\" data-id=\"a4114cf\" data-element_type=\"widget\" data-widget_type=\"heading.default\">\n\t\t\t\t<div class=\"elementor-widget-container\">\n\t\t\t<h2 class=\"elementor-heading-title elementor-size-default\"><div class=\"rating\">\n                        \n                        <span class=\"review-no\"><b>\u00d6zellikler : <\/b> <\/span>\n                    <\/div>\n                    <ul><li>7,5 Nm ile 480 Nm aras\u0131nda 7 de\u011fi\u015fik boyda <\/li><li>H\u0131zl\u0131 a\u00e7ma kapama <\/li><li>Uzun \u00f6m\u00fcrl\u00fc asbestsiz balata<\/li><li>H s\u0131n\u0131f\u0131 bobin izolasyonu (185\u00b0 C) <\/li><li>Sessiz \u00e7al\u0131\u015fma <\/li><li>Standart \u00e7al\u0131\u015fma voltaj\u0131: 24V DC <\/li><li>1300 Nm torklara kadar \u00f6zel tasar\u0131m ve \u00fcretim<\/li><li>Kayd\u0131rmaz ,Kolay Montaj<\/li><li>H\u0131zl\u0131 a\u00e7ma kapama ve de\u011fi\u015fken tork ge\u00e7i\u015fleri i\u00e7in uygun elektronik devre<\/li><li>T\u00fcm metal par\u00e7alar\u0131 \u00f6zel kaplamal\u0131, a\u00e7\u0131k alanlarda ve rutubetli ortamlarda \u00e7al\u0131\u015fmaya uygun<\/li><\/ul>\n                    <h4 class=\"price\">\u00c7al\u0131\u015fma Sistemi:<\/h4>\n                    <p class=\"product-description\"><strong> Ak\u0131m Bask\u0131l\u0131 Fren ve Kavrama sisteminde :<br><\/strong>\n -Hareket, elektrik ak\u0131m\u0131n\u0131n verilmesiyle olu\u015fan manyetik alan\u0131n \nsa\u011flad\u0131\u011f\u0131 \u00e7ekme kuvvetinin yard\u0131m\u0131yla s\u00fcrt\u00fcnerek iletilir. Enerji \nkesilmesiyle de manyetik alan\u0131n ortadan kalkmas\u0131 sonucu armat\u00fcre \nmontajl\u0131 yay\u0131n yard\u0131m\u0131yla sistem tekrar bo\u015fa \u00e7\u0131kar. Bu sistemdeki a\u00e7ma \nkapama h\u0131zlar\u0131 \u00f6zel elektronik devreler sayesinde saniyede 10 defaya \nkadar \u00e7\u0131kar\u0131labilir. S\u00fcrt\u00fcnmeli sistemler oldu\u011fu i\u00e7in zamanla olu\u015fan \na\u015f\u0131nmalardan dolay\u0131 \u00e7al\u0131\u015fma bo\u015flu\u011fu artabilir. Uygun periyodlarda \n\u00e7al\u0131\u015fma bo\u015flu\u011funun kontrol\u00fc yap\u0131lmal\u0131d\u0131r.<\/p><\/h2>\t\t<\/div>\n\t\t\t\t<\/div>\n\t\t\t\t<div class=\"elementor-element elementor-element-7bfb9ae elementor-widget elementor-widget-heading\" data-id=\"7bfb9ae\" data-element_type=\"widget\" data-widget_type=\"heading.default\">\n\t\t\t\t<div class=\"elementor-widget-container\">\n\t\t\t<h2 class=\"elementor-heading-title elementor-size-default\"><h4><b>Teknik \u00c7izimler<\/b><\/h4><\/h2>\t\t<\/div>\n\t\t\t\t<\/div>\n\t\t\t\t<div class=\"elementor-element elementor-element-eb57c48 elementor-button-danger elementor-widget elementor-widget-button\" data-id=\"eb57c48\" data-element_type=\"widget\" data-widget_type=\"button.default\">\n\t\t\t\t<div class=\"elementor-widget-container\">\n\t\t\t\t\t<div class=\"elementor-button-wrapper\">\n\t\t\t<a href=\"#\" class=\"elementor-button-link elementor-button elementor-size-sm\" role=\"button\">\n\t\t\t\t\t\t<span class=\"elementor-button-content-wrapper\">\n\t\t\t\t\t\t<span class=\"elementor-button-text\">- ABK 1.1 D\u0130ZAYN<\/span>\n\t\t<\/span>\n\t\t\t\t\t<\/a>\n\t\t<\/div>\n\t\t\t\t<\/div>\n\t\t\t\t<\/div>\n\t\t\t\t<div class=\"elementor-element elementor-element-f36b0ad elementor-button-danger elementor-widget elementor-widget-button\" data-id=\"f36b0ad\" data-element_type=\"widget\" data-widget_type=\"button.default\">\n\t\t\t\t<div class=\"elementor-widget-container\">\n\t\t\t\t\t<div class=\"elementor-button-wrapper\">\n\t\t\t<a href=\"#\" class=\"elementor-button-link elementor-button elementor-size-sm\" role=\"button\">\n\t\t\t\t\t\t<span class=\"elementor-button-content-wrapper\">\n\t\t\t\t\t\t<span class=\"elementor-button-text\">- ABF 1.1 D\u0130ZAYN<\/span>\n\t\t<\/span>\n\t\t\t\t\t<\/a>\n\t\t<\/div>\n\t\t\t\t<\/div>\n\t\t\t\t<\/div>\n\t\t\t\t\t\t<\/div>\n\t\t\t\t\t<\/div>\n\t\t<\/div>\n\t\t\t\t\t\t\t\t<\/div>\n\t\t\t\t\t<\/div>\n\t\t<\/section>\n\t\t\t\t<section class=\"elementor-section elementor-top-section elementor-element elementor-element-3c916a4 elementor-section-boxed elementor-section-height-default elementor-section-height-default\" data-id=\"3c916a4\" data-element_type=\"section\">\n\t\t\t\t\t\t<div class=\"elementor-container elementor-column-gap-default\">\n\t\t\t\t\t\t\t<div class=\"elementor-row\">\n\t\t\t\t\t<div class=\"elementor-column elementor-col-100 elementor-top-column elementor-element elementor-element-0009c0e\" data-id=\"0009c0e\" data-element_type=\"column\">\n\t\t\t<div class=\"elementor-column-wrap elementor-element-populated\">\n\t\t\t\t\t\t\t<div class=\"elementor-widget-wrap\">\n\t\t\t\t\t\t<div class=\"elementor-element elementor-element-a26baef elementor-widget elementor-widget-spacer\" data-id=\"a26baef\" data-element_type=\"widget\" data-widget_type=\"spacer.default\">\n\t\t\t\t<div class=\"elementor-widget-container\">\n\t\t\t\t\t<div class=\"elementor-spacer\">\n\t\t\t<div class=\"elementor-spacer-inner\"><\/div>\n\t\t<\/div>\n\t\t\t\t<\/div>\n\t\t\t\t<\/div>\n\t\t\t\t\t\t<\/div>\n\t\t\t\t\t<\/div>\n\t\t<\/div>\n\t\t\t\t\t\t\t\t<\/div>\n\t\t\t\t\t<\/div>\n\t\t<\/section>\n\t\t\t\t\t\t\t\t\t<\/div>\n\t\t\t<\/div>\n\t\t\t\t\t<\/div>\n\t\t","protected":false},"excerpt":{"rendered":"<p>\u00d6zellikler : 7,5 Nm ile 480 Nm aras\u0131nda 7 de\u011fi\u015fik boyda H\u0131zl\u0131 a\u00e7ma kapama Uzun \u00f6m\u00fcrl\u00fc asbestsiz balata H s\u0131n\u0131f\u0131 bobin izolasyonu (185\u00b0 C) Sessiz \u00e7al\u0131\u015fma Standart \u00e7al\u0131\u015fma voltaj\u0131: 24V DC 1300 Nm torklara kadar \u00f6zel tasar\u0131m ve \u00fcretim Kayd\u0131rmaz ,Kolay Montaj H\u0131zl\u0131 a\u00e7ma kapama ve de\u011fi\u015fken tork ge\u00e7i\u015fleri i\u00e7in uygun elektronik devre T\u00fcm metal [&hellip;]<\/p>\n","protected":false},"author":1,"featured_media":0,"parent":558,"menu_order":0,"comment_status":"closed","ping_status":"closed","template":"","meta":[],"wf_page_folders":[],"yoast_head":"<!-- This site is optimized with the Yoast SEO plugin v16.2 - https:\/\/yoast.com\/wordpress\/plugins\/seo\/ -->\n<title>Ak\u0131m Bask\u0131l\u0131 Fren ve Kavramalar - Salter<\/title>\n<meta name=\"robots\" content=\"index, follow, max-snippet:-1, max-image-preview:large, max-video-preview:-1\" \/>\n<link rel=\"canonical\" href=\"https:\/\/salterltd.com.tr\/index.php\/urunler\/fren-ve-kavramalar\/akim-baskili-fren-ve-kavramalar\/\" \/>\n<meta property=\"og:locale\" content=\"tr_TR\" \/>\n<meta property=\"og:type\" content=\"article\" \/>\n<meta property=\"og:title\" content=\"Ak\u0131m Bask\u0131l\u0131 Fren ve Kavramalar - Salter\" \/>\n<meta property=\"og:description\" content=\"\u00d6zellikler : 7,5 Nm ile 480 Nm aras\u0131nda 7 de\u011fi\u015fik boyda H\u0131zl\u0131 a\u00e7ma kapama Uzun \u00f6m\u00fcrl\u00fc asbestsiz balata H s\u0131n\u0131f\u0131 bobin izolasyonu (185\u00b0 C) Sessiz \u00e7al\u0131\u015fma Standart \u00e7al\u0131\u015fma voltaj\u0131: 24V DC 1300 Nm torklara kadar \u00f6zel tasar\u0131m ve \u00fcretim Kayd\u0131rmaz ,Kolay Montaj H\u0131zl\u0131 a\u00e7ma kapama ve de\u011fi\u015fken tork ge\u00e7i\u015fleri i\u00e7in uygun elektronik devre T\u00fcm metal [&hellip;]\" \/>\n<meta property=\"og:url\" content=\"https:\/\/salterltd.com.tr\/index.php\/urunler\/fren-ve-kavramalar\/akim-baskili-fren-ve-kavramalar\/\" \/>\n<meta property=\"og:site_name\" content=\"Salter\" \/>\n<meta property=\"article:modified_time\" content=\"2019-10-11T13:48:55+00:00\" \/>\n<meta property=\"og:image\" content=\"http:\/\/salterltd.com.tr\/wp-content\/uploads\/2019\/03\/Ak\u0131m-Bask\u0131l\u0131-Fren-ve-Kavramalar-768x1024.jpg\" \/>\n<meta name=\"twitter:card\" content=\"summary_large_image\" \/>\n<meta name=\"twitter:label1\" content=\"Tahmini okuma s\u00fcresi\">\n\t<meta name=\"twitter:data1\" content=\"1 dakika\">\n<script type=\"application\/ld+json\" class=\"yoast-schema-graph\">{\"@context\":\"https:\/\/schema.org\",\"@graph\":[{\"@type\":\"Organization\",\"@id\":\"http:\/\/salterltd.com.tr\/#organization\",\"name\":\"Tamsan Elektrik Motor San. ve Tic. Ltd. \\u015eti.\",\"url\":\"http:\/\/salterltd.com.tr\/\",\"sameAs\":[],\"logo\":{\"@type\":\"ImageObject\",\"@id\":\"http:\/\/salterltd.com.tr\/#logo\",\"inLanguage\":\"tr\",\"url\":\"http:\/\/salterltd.com.tr\/wp-content\/uploads\/2019\/11\/TAMSAN-logo.jpg\",\"contentUrl\":\"http:\/\/salterltd.com.tr\/wp-content\/uploads\/2019\/11\/TAMSAN-logo.jpg\",\"width\":1388,\"height\":292,\"caption\":\"Tamsan Elektrik Motor San. ve Tic. Ltd. \\u015eti.\"},\"image\":{\"@id\":\"http:\/\/salterltd.com.tr\/#logo\"}},{\"@type\":\"WebSite\",\"@id\":\"http:\/\/salterltd.com.tr\/#website\",\"url\":\"http:\/\/salterltd.com.tr\/\",\"name\":\"Tamsan Elektrik Motor\",\"description\":\"\",\"publisher\":{\"@id\":\"http:\/\/salterltd.com.tr\/#organization\"},\"potentialAction\":[{\"@type\":\"SearchAction\",\"target\":\"http:\/\/salterltd.com.tr\/?s={search_term_string}\",\"query-input\":\"required name=search_term_string\"}],\"inLanguage\":\"tr\"},{\"@type\":\"ImageObject\",\"@id\":\"https:\/\/salterltd.com.tr\/index.php\/urunler\/fren-ve-kavramalar\/akim-baskili-fren-ve-kavramalar\/#primaryimage\",\"inLanguage\":\"tr\",\"url\":\"http:\/\/salterltd.com.tr\/wp-content\/uploads\/2019\/03\/Ak\\u0131m-Bask\\u0131l\\u0131-Fren-ve-Kavramalar.jpg\",\"contentUrl\":\"http:\/\/salterltd.com.tr\/wp-content\/uploads\/2019\/03\/Ak\\u0131m-Bask\\u0131l\\u0131-Fren-ve-Kavramalar.jpg\",\"width\":2448,\"height\":3264},{\"@type\":\"WebPage\",\"@id\":\"https:\/\/salterltd.com.tr\/index.php\/urunler\/fren-ve-kavramalar\/akim-baskili-fren-ve-kavramalar\/#webpage\",\"url\":\"https:\/\/salterltd.com.tr\/index.php\/urunler\/fren-ve-kavramalar\/akim-baskili-fren-ve-kavramalar\/\",\"name\":\"Ak\\u0131m Bask\\u0131l\\u0131 Fren ve Kavramalar - Salter\",\"isPartOf\":{\"@id\":\"http:\/\/salterltd.com.tr\/#website\"},\"primaryImageOfPage\":{\"@id\":\"https:\/\/salterltd.com.tr\/index.php\/urunler\/fren-ve-kavramalar\/akim-baskili-fren-ve-kavramalar\/#primaryimage\"},\"datePublished\":\"2019-03-11T19:25:07+00:00\",\"dateModified\":\"2019-10-11T13:48:55+00:00\",\"breadcrumb\":{\"@id\":\"https:\/\/salterltd.com.tr\/index.php\/urunler\/fren-ve-kavramalar\/akim-baskili-fren-ve-kavramalar\/#breadcrumb\"},\"inLanguage\":\"tr\",\"potentialAction\":[{\"@type\":\"ReadAction\",\"target\":[\"https:\/\/salterltd.com.tr\/index.php\/urunler\/fren-ve-kavramalar\/akim-baskili-fren-ve-kavramalar\/\"]}]},{\"@type\":\"BreadcrumbList\",\"@id\":\"https:\/\/salterltd.com.tr\/index.php\/urunler\/fren-ve-kavramalar\/akim-baskili-fren-ve-kavramalar\/#breadcrumb\",\"itemListElement\":[{\"@type\":\"ListItem\",\"position\":1,\"item\":{\"@type\":\"WebPage\",\"@id\":\"http:\/\/salterltd.com.tr\/\",\"url\":\"http:\/\/salterltd.com.tr\/\",\"name\":\"Ana sayfa\"}},{\"@type\":\"ListItem\",\"position\":2,\"item\":{\"@type\":\"WebPage\",\"@id\":\"http:\/\/salterltd.com.tr\/index.php\/urunler\/\",\"url\":\"http:\/\/salterltd.com.tr\/index.php\/urunler\/\",\"name\":\"\\u00dcr\\u00fcnler\"}},{\"@type\":\"ListItem\",\"position\":3,\"item\":{\"@type\":\"WebPage\",\"@id\":\"http:\/\/salterltd.com.tr\/index.php\/urunler\/fren-ve-kavramalar\/\",\"url\":\"http:\/\/salterltd.com.tr\/index.php\/urunler\/fren-ve-kavramalar\/\",\"name\":\"Fren ve kavramalar\"}},{\"@type\":\"ListItem\",\"position\":4,\"item\":{\"@id\":\"https:\/\/salterltd.com.tr\/index.php\/urunler\/fren-ve-kavramalar\/akim-baskili-fren-ve-kavramalar\/#webpage\"}}]}]}<\/script>\n<!-- \/ Yoast SEO plugin. -->","_links":{"self":[{"href":"http:\/\/salterltd.com.tr\/index.php\/wp-json\/wp\/v2\/pages\/738"}],"collection":[{"href":"http:\/\/salterltd.com.tr\/index.php\/wp-json\/wp\/v2\/pages"}],"about":[{"href":"http:\/\/salterltd.com.tr\/index.php\/wp-json\/wp\/v2\/types\/page"}],"author":[{"embeddable":true,"href":"http:\/\/salterltd.com.tr\/index.php\/wp-json\/wp\/v2\/users\/1"}],"replies":[{"embeddable":true,"href":"http:\/\/salterltd.com.tr\/index.php\/wp-json\/wp\/v2\/comments?post=738"}],"version-history":[{"count":0,"href":"http:\/\/salterltd.com.tr\/index.php\/wp-json\/wp\/v2\/pages\/738\/revisions"}],"up":[{"embeddable":true,"href":"http:\/\/salterltd.com.tr\/index.php\/wp-json\/wp\/v2\/pages\/558"}],"wp:attachment":[{"href":"http:\/\/salterltd.com.tr\/index.php\/wp-json\/wp\/v2\/media?parent=738"}],"wp:term":[{"taxonomy":"wf_page_folders","embeddable":true,"href":"http:\/\/salterltd.com.tr\/index.php\/wp-json\/wp\/v2\/wf_page_folders?post=738"}],"curies":[{"name":"wp","href":"https:\/\/api.w.org\/{rel}","templated":true}]}}