{"id":743,"date":"2019-03-11T22:26:33","date_gmt":"2019-03-11T19:26:33","guid":{"rendered":"http:\/\/salterltd.com.tr\/?page_id=743"},"modified":"2019-10-11T16:49:00","modified_gmt":"2019-10-11T13:49:00","slug":"akim-baskili-tozlu-fren-ve-kavrama","status":"publish","type":"page","link":"http:\/\/salterltd.com.tr\/index.php\/urunler\/fren-ve-kavramalar\/akim-baskili-tozlu-fren-ve-kavrama\/","title":{"rendered":"Ak\u0131m Bask\u0131l\u0131 Tozlu Fren ve Kavrama"},"content":{"rendered":"\t\t<div data-elementor-type=\"wp-post\" data-elementor-id=\"743\" class=\"elementor elementor-743\">\n\t\t\t\t\t\t<div class=\"elementor-inner\">\n\t\t\t\t<div class=\"elementor-section-wrap\">\n\t\t\t\t\t\t\t\t\t<section class=\"elementor-section elementor-top-section elementor-element elementor-element-449b456 elementor-section-boxed elementor-section-height-default elementor-section-height-default\" data-id=\"449b456\" data-element_type=\"section\">\n\t\t\t\t\t\t<div class=\"elementor-container elementor-column-gap-default\">\n\t\t\t\t\t\t\t<div class=\"elementor-row\">\n\t\t\t\t\t<div class=\"elementor-column elementor-col-50 elementor-top-column elementor-element elementor-element-8fd158f\" data-id=\"8fd158f\" data-element_type=\"column\">\n\t\t\t<div class=\"elementor-column-wrap elementor-element-populated\">\n\t\t\t\t\t\t\t<div class=\"elementor-widget-wrap\">\n\t\t\t\t\t\t<div class=\"elementor-element elementor-element-57fa7a3 elementor-widget elementor-widget-image\" data-id=\"57fa7a3\" data-element_type=\"widget\" data-widget_type=\"image.default\">\n\t\t\t\t<div class=\"elementor-widget-container\">\n\t\t\t\t\t\t\t\t<div class=\"elementor-image\">\n\t\t\t\t\t\t\t\t\t\t\t\t\t<a href=\"http:\/\/salterltd.com.tr\/wp-content\/uploads\/2019\/03\/Ak\u0131m-Bask\u0131l\u0131-Tozlu-Fren-ve-Kavrama.jpg\" data-elementor-open-lightbox=\"yes\" data-elementor-lightbox-title=\"Ak\u0131m Bask\u0131l\u0131 Tozlu Fren ve Kavrama\" e-action-hash=\"#elementor-action%3Aaction%3Dlightbox%26settings%3DeyJpZCI6NzUxLCJ1cmwiOiJodHRwOlwvXC9zYWx0ZXJsdGQuY29tLnRyXC93cC1jb250ZW50XC91cGxvYWRzXC8yMDE5XC8wM1wvQWtcdTAxMzFtLUJhc2tcdTAxMzFsXHUwMTMxLVRvemx1LUZyZW4tdmUtS2F2cmFtYS5qcGcifQ%3D%3D\">\n\t\t\t\t\t\t\t<img width=\"768\" height=\"1024\" src=\"http:\/\/salterltd.com.tr\/wp-content\/uploads\/2019\/03\/Ak\u0131m-Bask\u0131l\u0131-Tozlu-Fren-ve-Kavrama-768x1024.jpg\" class=\"attachment-large size-large\" alt=\"\" loading=\"lazy\" srcset=\"http:\/\/salterltd.com.tr\/wp-content\/uploads\/2019\/03\/Ak\u0131m-Bask\u0131l\u0131-Tozlu-Fren-ve-Kavrama-768x1024.jpg 768w, http:\/\/salterltd.com.tr\/wp-content\/uploads\/2019\/03\/Ak\u0131m-Bask\u0131l\u0131-Tozlu-Fren-ve-Kavrama-225x300.jpg 225w, http:\/\/salterltd.com.tr\/wp-content\/uploads\/2019\/03\/Ak\u0131m-Bask\u0131l\u0131-Tozlu-Fren-ve-Kavrama-600x800.jpg 600w\" sizes=\"(max-width: 768px) 100vw, 768px\" \/>\t\t\t\t\t\t\t\t<\/a>\n\t\t\t\t\t\t\t\t\t\t\t\t\t\t<\/div>\n\t\t\t\t\t\t<\/div>\n\t\t\t\t<\/div>\n\t\t\t\t<div class=\"elementor-element elementor-element-34ba85c elementor-widget elementor-widget-image-gallery\" data-id=\"34ba85c\" data-element_type=\"widget\" data-widget_type=\"image-gallery.default\">\n\t\t\t\t<div class=\"elementor-widget-container\">\n\t\t\t\t\t<div class=\"elementor-image-gallery\">\n\t\t\t<div id='gallery-1' class='gallery galleryid-743 gallery-columns-4 gallery-size-thumbnail'><figure class='gallery-item'>\n\t\t\t<div class='gallery-icon portrait'>\n\t\t\t\t<a data-elementor-open-lightbox=\"yes\" data-elementor-lightbox-slideshow=\"34ba85c\" data-elementor-lightbox-title=\"Ak\u0131m Bask\u0131l\u0131 Tozlu Fren ve Kavrama resim2\" e-action-hash=\"#elementor-action%3Aaction%3Dlightbox%26settings%3DeyJpZCI6NzczLCJ1cmwiOiJodHRwOlwvXC9zYWx0ZXJsdGQuY29tLnRyXC93cC1jb250ZW50XC91cGxvYWRzXC8yMDE5XC8wM1wvQWtcdTAxMzFtLUJhc2tcdTAxMzFsXHUwMTMxLVRvemx1LUZyZW4tdmUtS2F2cmFtYS1yZXNpbTIuanBnIiwic2xpZGVzaG93IjoiMzRiYTg1YyJ9\" href='http:\/\/salterltd.com.tr\/wp-content\/uploads\/2019\/03\/Ak\u0131m-Bask\u0131l\u0131-Tozlu-Fren-ve-Kavrama-resim2.jpg'><img width=\"150\" height=\"150\" src=\"http:\/\/salterltd.com.tr\/wp-content\/uploads\/2019\/03\/Ak\u0131m-Bask\u0131l\u0131-Tozlu-Fren-ve-Kavrama-resim2-150x150.jpg\" class=\"attachment-thumbnail size-thumbnail\" alt=\"\" loading=\"lazy\" srcset=\"http:\/\/salterltd.com.tr\/wp-content\/uploads\/2019\/03\/Ak\u0131m-Bask\u0131l\u0131-Tozlu-Fren-ve-Kavrama-resim2-150x150.jpg 150w, http:\/\/salterltd.com.tr\/wp-content\/uploads\/2019\/03\/Ak\u0131m-Bask\u0131l\u0131-Tozlu-Fren-ve-Kavrama-resim2-300x300.jpg 300w, http:\/\/salterltd.com.tr\/wp-content\/uploads\/2019\/03\/Ak\u0131m-Bask\u0131l\u0131-Tozlu-Fren-ve-Kavrama-resim2-100x100.jpg 100w\" sizes=\"(max-width: 150px) 100vw, 150px\" \/><\/a>\n\t\t\t<\/div><\/figure><figure class='gallery-item'>\n\t\t\t<div class='gallery-icon portrait'>\n\t\t\t\t<a data-elementor-open-lightbox=\"yes\" data-elementor-lightbox-slideshow=\"34ba85c\" data-elementor-lightbox-title=\"Ak\u0131m Bask\u0131l\u0131 Tozlu Fren ve Kavrama resim3\" e-action-hash=\"#elementor-action%3Aaction%3Dlightbox%26settings%3DeyJpZCI6Nzc0LCJ1cmwiOiJodHRwOlwvXC9zYWx0ZXJsdGQuY29tLnRyXC93cC1jb250ZW50XC91cGxvYWRzXC8yMDE5XC8wM1wvQWtcdTAxMzFtLUJhc2tcdTAxMzFsXHUwMTMxLVRvemx1LUZyZW4tdmUtS2F2cmFtYS1yZXNpbTMuanBnIiwic2xpZGVzaG93IjoiMzRiYTg1YyJ9\" href='http:\/\/salterltd.com.tr\/wp-content\/uploads\/2019\/03\/Ak\u0131m-Bask\u0131l\u0131-Tozlu-Fren-ve-Kavrama-resim3.jpg'><img width=\"150\" height=\"150\" src=\"http:\/\/salterltd.com.tr\/wp-content\/uploads\/2019\/03\/Ak\u0131m-Bask\u0131l\u0131-Tozlu-Fren-ve-Kavrama-resim3-150x150.jpg\" class=\"attachment-thumbnail size-thumbnail\" alt=\"\" loading=\"lazy\" srcset=\"http:\/\/salterltd.com.tr\/wp-content\/uploads\/2019\/03\/Ak\u0131m-Bask\u0131l\u0131-Tozlu-Fren-ve-Kavrama-resim3-150x150.jpg 150w, http:\/\/salterltd.com.tr\/wp-content\/uploads\/2019\/03\/Ak\u0131m-Bask\u0131l\u0131-Tozlu-Fren-ve-Kavrama-resim3-300x300.jpg 300w, http:\/\/salterltd.com.tr\/wp-content\/uploads\/2019\/03\/Ak\u0131m-Bask\u0131l\u0131-Tozlu-Fren-ve-Kavrama-resim3-100x100.jpg 100w\" sizes=\"(max-width: 150px) 100vw, 150px\" \/><\/a>\n\t\t\t<\/div><\/figure><figure class='gallery-item'>\n\t\t\t<div class='gallery-icon portrait'>\n\t\t\t\t<a data-elementor-open-lightbox=\"yes\" data-elementor-lightbox-slideshow=\"34ba85c\" data-elementor-lightbox-title=\"Ak\u0131m Bask\u0131l\u0131 Tozlu Fren ve Kavrama resim4\" e-action-hash=\"#elementor-action%3Aaction%3Dlightbox%26settings%3DeyJpZCI6Nzc1LCJ1cmwiOiJodHRwOlwvXC9zYWx0ZXJsdGQuY29tLnRyXC93cC1jb250ZW50XC91cGxvYWRzXC8yMDE5XC8wM1wvQWtcdTAxMzFtLUJhc2tcdTAxMzFsXHUwMTMxLVRvemx1LUZyZW4tdmUtS2F2cmFtYS1yZXNpbTQuanBnIiwic2xpZGVzaG93IjoiMzRiYTg1YyJ9\" href='http:\/\/salterltd.com.tr\/wp-content\/uploads\/2019\/03\/Ak\u0131m-Bask\u0131l\u0131-Tozlu-Fren-ve-Kavrama-resim4.jpg'><img width=\"150\" height=\"150\" src=\"http:\/\/salterltd.com.tr\/wp-content\/uploads\/2019\/03\/Ak\u0131m-Bask\u0131l\u0131-Tozlu-Fren-ve-Kavrama-resim4-150x150.jpg\" class=\"attachment-thumbnail size-thumbnail\" alt=\"\" loading=\"lazy\" srcset=\"http:\/\/salterltd.com.tr\/wp-content\/uploads\/2019\/03\/Ak\u0131m-Bask\u0131l\u0131-Tozlu-Fren-ve-Kavrama-resim4-150x150.jpg 150w, http:\/\/salterltd.com.tr\/wp-content\/uploads\/2019\/03\/Ak\u0131m-Bask\u0131l\u0131-Tozlu-Fren-ve-Kavrama-resim4-300x300.jpg 300w, http:\/\/salterltd.com.tr\/wp-content\/uploads\/2019\/03\/Ak\u0131m-Bask\u0131l\u0131-Tozlu-Fren-ve-Kavrama-resim4-100x100.jpg 100w\" sizes=\"(max-width: 150px) 100vw, 150px\" \/><\/a>\n\t\t\t<\/div><\/figure><figure class='gallery-item'>\n\t\t\t<div class='gallery-icon portrait'>\n\t\t\t\t<a data-elementor-open-lightbox=\"yes\" data-elementor-lightbox-slideshow=\"34ba85c\" data-elementor-lightbox-title=\"Ak\u0131m Bask\u0131l\u0131 Tozlu Fren ve Kavrama resim5\" e-action-hash=\"#elementor-action%3Aaction%3Dlightbox%26settings%3DeyJpZCI6Nzc3LCJ1cmwiOiJodHRwOlwvXC9zYWx0ZXJsdGQuY29tLnRyXC93cC1jb250ZW50XC91cGxvYWRzXC8yMDE5XC8wM1wvQWtcdTAxMzFtLUJhc2tcdTAxMzFsXHUwMTMxLVRvemx1LUZyZW4tdmUtS2F2cmFtYS1yZXNpbTUuanBnIiwic2xpZGVzaG93IjoiMzRiYTg1YyJ9\" href='http:\/\/salterltd.com.tr\/wp-content\/uploads\/2019\/03\/Ak\u0131m-Bask\u0131l\u0131-Tozlu-Fren-ve-Kavrama-resim5.jpg'><img width=\"150\" height=\"150\" src=\"http:\/\/salterltd.com.tr\/wp-content\/uploads\/2019\/03\/Ak\u0131m-Bask\u0131l\u0131-Tozlu-Fren-ve-Kavrama-resim5-150x150.jpg\" class=\"attachment-thumbnail size-thumbnail\" alt=\"\" loading=\"lazy\" srcset=\"http:\/\/salterltd.com.tr\/wp-content\/uploads\/2019\/03\/Ak\u0131m-Bask\u0131l\u0131-Tozlu-Fren-ve-Kavrama-resim5-150x150.jpg 150w, http:\/\/salterltd.com.tr\/wp-content\/uploads\/2019\/03\/Ak\u0131m-Bask\u0131l\u0131-Tozlu-Fren-ve-Kavrama-resim5-300x300.jpg 300w, http:\/\/salterltd.com.tr\/wp-content\/uploads\/2019\/03\/Ak\u0131m-Bask\u0131l\u0131-Tozlu-Fren-ve-Kavrama-resim5-100x100.jpg 100w\" sizes=\"(max-width: 150px) 100vw, 150px\" \/><\/a>\n\t\t\t<\/div><\/figure>\n\t\t<\/div>\n\t\t<\/div>\n\t\t\t\t<\/div>\n\t\t\t\t<\/div>\n\t\t\t\t\t\t<\/div>\n\t\t\t\t\t<\/div>\n\t\t<\/div>\n\t\t\t\t<div class=\"elementor-column elementor-col-50 elementor-top-column elementor-element elementor-element-519af74\" data-id=\"519af74\" data-element_type=\"column\">\n\t\t\t<div class=\"elementor-column-wrap elementor-element-populated\">\n\t\t\t\t\t\t\t<div class=\"elementor-widget-wrap\">\n\t\t\t\t\t\t<div class=\"elementor-element elementor-element-4bfd532 elementor-widget elementor-widget-heading\" data-id=\"4bfd532\" data-element_type=\"widget\" data-widget_type=\"heading.default\">\n\t\t\t\t<div class=\"elementor-widget-container\">\n\t\t\t<h2 class=\"elementor-heading-title elementor-size-default\"><div class=\"rating\">\n\n                        <span class=\"review-no\"><b>\u00d6zellikler : <\/b> <\/span>\n                    <\/div>\n                    <ul><li>35 Nm ile 1000 Nm aras\u0131nda 6 de\u011fi\u015fik boyda \u00fcretim <\/li><li>H\u0131zl\u0131 a\u00e7ma kapama <\/li><li>Uzun \u00f6m\u00fcrl\u00fc asbestsiz balata<\/li><li>H s\u0131n\u0131f\u0131 bobin izolasyonu (185\u00b0 C) <\/li><li>Sessiz \u00e7al\u0131\u015fma <\/li><li>Standart \u00e7al\u0131\u015fma voltaj\u0131: 0-24V DC <\/li><li>1500 Nm torklara kadar \u00f6zel tasar\u0131m ve \u00fcretim<\/li><li>Kolay Montaj<\/li><li>Uygulama Alanlar\u0131 \u2022\tKontroll\u00fc a\u00e7ma ve sarma \u2022\tTork kontrolleri \u2022\tTork s\u0131n\u0131rlamalar\u0131 \u2022\tH\u0131z kontrol\u00fc \u2022\tGerilim kontrol\u00fc<\/li><li>T\u00fcm metal par\u00e7alar\u0131 \u00f6zel kaplamal\u0131, a\u00e7\u0131k alanlarda ve rutubetli ortamlarda \u00e7al\u0131\u015fmaya uygun<\/li><\/ul>\n                    <h4 class=\"price\">\u00c7al\u0131\u015fma Sistemi:<\/h4>\n                    <p class=\"product-description\"><strong> Ak\u0131m Bask\u0131l\u0131 Tozlu Fren Kavrama :<br><\/strong>\n - ABT serisi de\u011fi\u015fken torklu fren ve kavrama sistemleri s\u00fcrt\u00fcnmesiz \nolarak elektronik voltaj kontrol\u00fc yard\u0131m\u0131yla istenilen torklara \nkademesiz ge\u00e7i\u015f yapabilen sistemlerdir. Mekanik s\u00fcrt\u00fcnmeler az oldu\u011fu \ni\u00e7in uzun \u00f6m\u00fcrl\u00fcd\u00fcrler ve bak\u0131m gerektirmezler. <\/p><\/h2>\t\t<\/div>\n\t\t\t\t<\/div>\n\t\t\t\t<div class=\"elementor-element elementor-element-d423ae2 elementor-widget elementor-widget-text-editor\" data-id=\"d423ae2\" data-element_type=\"widget\" data-widget_type=\"text-editor.default\">\n\t\t\t\t<div class=\"elementor-widget-container\">\n\t\t\t\t\t\t\t\t<div class=\"elementor-text-editor elementor-clearfix\">\n\t\t\t\t<h4><strong>Teknik \u00c7izimler<\/strong><\/h4>\t\t\t\t\t<\/div>\n\t\t\t\t\t\t<\/div>\n\t\t\t\t<\/div>\n\t\t\t\t<div class=\"elementor-element elementor-element-342e740 elementor-button-danger elementor-widget elementor-widget-button\" data-id=\"342e740\" data-element_type=\"widget\" data-widget_type=\"button.default\">\n\t\t\t\t<div class=\"elementor-widget-container\">\n\t\t\t\t\t<div class=\"elementor-button-wrapper\">\n\t\t\t<a href=\"#\" class=\"elementor-button-link elementor-button elementor-size-sm\" role=\"button\">\n\t\t\t\t\t\t<span class=\"elementor-button-content-wrapper\">\n\t\t\t\t\t\t<span class=\"elementor-button-text\">Ak\u0131m Bask\u0131l\u0131 Tozlu Fren<\/span>\n\t\t<\/span>\n\t\t\t\t\t<\/a>\n\t\t<\/div>\n\t\t\t\t<\/div>\n\t\t\t\t<\/div>\n\t\t\t\t<div class=\"elementor-element elementor-element-fedc8b4 elementor-button-danger elementor-widget elementor-widget-button\" data-id=\"fedc8b4\" data-element_type=\"widget\" data-widget_type=\"button.default\">\n\t\t\t\t<div class=\"elementor-widget-container\">\n\t\t\t\t\t<div class=\"elementor-button-wrapper\">\n\t\t\t<a href=\"#\" class=\"elementor-button-link elementor-button elementor-size-sm\" role=\"button\">\n\t\t\t\t\t\t<span class=\"elementor-button-content-wrapper\">\n\t\t\t\t\t\t<span class=\"elementor-button-text\">Ak\u0131m Bask\u0131l\u0131 Tozlu Kavrama<\/span>\n\t\t<\/span>\n\t\t\t\t\t<\/a>\n\t\t<\/div>\n\t\t\t\t<\/div>\n\t\t\t\t<\/div>\n\t\t\t\t\t\t<\/div>\n\t\t\t\t\t<\/div>\n\t\t<\/div>\n\t\t\t\t\t\t\t\t<\/div>\n\t\t\t\t\t<\/div>\n\t\t<\/section>\n\t\t\t\t<section class=\"elementor-section elementor-top-section elementor-element elementor-element-03b0fee elementor-section-boxed elementor-section-height-default elementor-section-height-default\" data-id=\"03b0fee\" data-element_type=\"section\">\n\t\t\t\t\t\t<div class=\"elementor-container elementor-column-gap-default\">\n\t\t\t\t\t\t\t<div class=\"elementor-row\">\n\t\t\t\t\t<div class=\"elementor-column elementor-col-100 elementor-top-column elementor-element elementor-element-6e68ec4\" data-id=\"6e68ec4\" data-element_type=\"column\">\n\t\t\t<div class=\"elementor-column-wrap elementor-element-populated\">\n\t\t\t\t\t\t\t<div class=\"elementor-widget-wrap\">\n\t\t\t\t\t\t<div class=\"elementor-element elementor-element-df48a9f elementor-widget elementor-widget-spacer\" data-id=\"df48a9f\" data-element_type=\"widget\" data-widget_type=\"spacer.default\">\n\t\t\t\t<div class=\"elementor-widget-container\">\n\t\t\t\t\t<div class=\"elementor-spacer\">\n\t\t\t<div class=\"elementor-spacer-inner\"><\/div>\n\t\t<\/div>\n\t\t\t\t<\/div>\n\t\t\t\t<\/div>\n\t\t\t\t\t\t<\/div>\n\t\t\t\t\t<\/div>\n\t\t<\/div>\n\t\t\t\t\t\t\t\t<\/div>\n\t\t\t\t\t<\/div>\n\t\t<\/section>\n\t\t\t\t\t\t\t\t\t<\/div>\n\t\t\t<\/div>\n\t\t\t\t\t<\/div>\n\t\t","protected":false},"excerpt":{"rendered":"<p>\u00d6zellikler : 35 Nm ile 1000 Nm aras\u0131nda 6 de\u011fi\u015fik boyda \u00fcretim H\u0131zl\u0131 a\u00e7ma kapama Uzun \u00f6m\u00fcrl\u00fc asbestsiz balata H s\u0131n\u0131f\u0131 bobin izolasyonu (185\u00b0 C) Sessiz \u00e7al\u0131\u015fma Standart \u00e7al\u0131\u015fma voltaj\u0131: 0-24V DC 1500 Nm torklara kadar \u00f6zel tasar\u0131m ve \u00fcretim Kolay Montaj Uygulama Alanlar\u0131 \u2022 Kontroll\u00fc a\u00e7ma ve sarma \u2022 Tork kontrolleri \u2022 Tork s\u0131n\u0131rlamalar\u0131 [&hellip;]<\/p>\n","protected":false},"author":1,"featured_media":0,"parent":558,"menu_order":0,"comment_status":"closed","ping_status":"closed","template":"","meta":[],"wf_page_folders":[],"yoast_head":"<!-- This site is optimized with the Yoast SEO plugin v16.2 - https:\/\/yoast.com\/wordpress\/plugins\/seo\/ -->\n<title>Ak\u0131m Bask\u0131l\u0131 Tozlu Fren ve Kavrama - Salter<\/title>\n<meta name=\"robots\" content=\"index, follow, max-snippet:-1, max-image-preview:large, max-video-preview:-1\" \/>\n<link rel=\"canonical\" href=\"http:\/\/salterltd.com.tr\/index.php\/urunler\/fren-ve-kavramalar\/akim-baskili-tozlu-fren-ve-kavrama\/\" \/>\n<meta property=\"og:locale\" content=\"tr_TR\" \/>\n<meta property=\"og:type\" content=\"article\" \/>\n<meta property=\"og:title\" content=\"Ak\u0131m Bask\u0131l\u0131 Tozlu Fren ve Kavrama - Salter\" \/>\n<meta property=\"og:description\" content=\"\u00d6zellikler : 35 Nm ile 1000 Nm aras\u0131nda 6 de\u011fi\u015fik boyda \u00fcretim H\u0131zl\u0131 a\u00e7ma kapama Uzun \u00f6m\u00fcrl\u00fc asbestsiz balata H s\u0131n\u0131f\u0131 bobin izolasyonu (185\u00b0 C) Sessiz \u00e7al\u0131\u015fma Standart \u00e7al\u0131\u015fma voltaj\u0131: 0-24V DC 1500 Nm torklara kadar \u00f6zel tasar\u0131m ve \u00fcretim Kolay Montaj Uygulama Alanlar\u0131 \u2022 Kontroll\u00fc a\u00e7ma ve sarma \u2022 Tork kontrolleri \u2022 Tork s\u0131n\u0131rlamalar\u0131 [&hellip;]\" \/>\n<meta property=\"og:url\" content=\"http:\/\/salterltd.com.tr\/index.php\/urunler\/fren-ve-kavramalar\/akim-baskili-tozlu-fren-ve-kavrama\/\" \/>\n<meta property=\"og:site_name\" content=\"Salter\" \/>\n<meta property=\"article:modified_time\" content=\"2019-10-11T13:49:00+00:00\" \/>\n<meta property=\"og:image\" content=\"http:\/\/salterltd.com.tr\/wp-content\/uploads\/2019\/03\/Ak\u0131m-Bask\u0131l\u0131-Tozlu-Fren-ve-Kavrama-768x1024.jpg\" \/>\n<meta name=\"twitter:card\" content=\"summary_large_image\" \/>\n<meta name=\"twitter:label1\" content=\"Tahmini okuma s\u00fcresi\">\n\t<meta name=\"twitter:data1\" content=\"1 dakika\">\n<script type=\"application\/ld+json\" class=\"yoast-schema-graph\">{\"@context\":\"https:\/\/schema.org\",\"@graph\":[{\"@type\":\"Organization\",\"@id\":\"https:\/\/salterltd.com.tr\/#organization\",\"name\":\"Tamsan Elektrik Motor San. ve Tic. Ltd. \\u015eti.\",\"url\":\"https:\/\/salterltd.com.tr\/\",\"sameAs\":[],\"logo\":{\"@type\":\"ImageObject\",\"@id\":\"https:\/\/salterltd.com.tr\/#logo\",\"inLanguage\":\"tr\",\"url\":\"http:\/\/salterltd.com.tr\/wp-content\/uploads\/2019\/11\/TAMSAN-logo.jpg\",\"contentUrl\":\"http:\/\/salterltd.com.tr\/wp-content\/uploads\/2019\/11\/TAMSAN-logo.jpg\",\"width\":1388,\"height\":292,\"caption\":\"Tamsan Elektrik Motor San. ve Tic. Ltd. \\u015eti.\"},\"image\":{\"@id\":\"https:\/\/salterltd.com.tr\/#logo\"}},{\"@type\":\"WebSite\",\"@id\":\"https:\/\/salterltd.com.tr\/#website\",\"url\":\"https:\/\/salterltd.com.tr\/\",\"name\":\"Tamsan Elektrik Motor\",\"description\":\"\",\"publisher\":{\"@id\":\"https:\/\/salterltd.com.tr\/#organization\"},\"potentialAction\":[{\"@type\":\"SearchAction\",\"target\":\"https:\/\/salterltd.com.tr\/?s={search_term_string}\",\"query-input\":\"required name=search_term_string\"}],\"inLanguage\":\"tr\"},{\"@type\":\"ImageObject\",\"@id\":\"http:\/\/salterltd.com.tr\/index.php\/urunler\/fren-ve-kavramalar\/akim-baskili-tozlu-fren-ve-kavrama\/#primaryimage\",\"inLanguage\":\"tr\",\"url\":\"http:\/\/salterltd.com.tr\/wp-content\/uploads\/2019\/03\/Ak\\u0131m-Bask\\u0131l\\u0131-Tozlu-Fren-ve-Kavrama.jpg\",\"contentUrl\":\"http:\/\/salterltd.com.tr\/wp-content\/uploads\/2019\/03\/Ak\\u0131m-Bask\\u0131l\\u0131-Tozlu-Fren-ve-Kavrama.jpg\",\"width\":2448,\"height\":3264},{\"@type\":\"WebPage\",\"@id\":\"http:\/\/salterltd.com.tr\/index.php\/urunler\/fren-ve-kavramalar\/akim-baskili-tozlu-fren-ve-kavrama\/#webpage\",\"url\":\"http:\/\/salterltd.com.tr\/index.php\/urunler\/fren-ve-kavramalar\/akim-baskili-tozlu-fren-ve-kavrama\/\",\"name\":\"Ak\\u0131m Bask\\u0131l\\u0131 Tozlu Fren ve Kavrama - Salter\",\"isPartOf\":{\"@id\":\"https:\/\/salterltd.com.tr\/#website\"},\"primaryImageOfPage\":{\"@id\":\"http:\/\/salterltd.com.tr\/index.php\/urunler\/fren-ve-kavramalar\/akim-baskili-tozlu-fren-ve-kavrama\/#primaryimage\"},\"datePublished\":\"2019-03-11T19:26:33+00:00\",\"dateModified\":\"2019-10-11T13:49:00+00:00\",\"breadcrumb\":{\"@id\":\"http:\/\/salterltd.com.tr\/index.php\/urunler\/fren-ve-kavramalar\/akim-baskili-tozlu-fren-ve-kavrama\/#breadcrumb\"},\"inLanguage\":\"tr\",\"potentialAction\":[{\"@type\":\"ReadAction\",\"target\":[\"http:\/\/salterltd.com.tr\/index.php\/urunler\/fren-ve-kavramalar\/akim-baskili-tozlu-fren-ve-kavrama\/\"]}]},{\"@type\":\"BreadcrumbList\",\"@id\":\"http:\/\/salterltd.com.tr\/index.php\/urunler\/fren-ve-kavramalar\/akim-baskili-tozlu-fren-ve-kavrama\/#breadcrumb\",\"itemListElement\":[{\"@type\":\"ListItem\",\"position\":1,\"item\":{\"@type\":\"WebPage\",\"@id\":\"https:\/\/salterltd.com.tr\/\",\"url\":\"https:\/\/salterltd.com.tr\/\",\"name\":\"Ana sayfa\"}},{\"@type\":\"ListItem\",\"position\":2,\"item\":{\"@type\":\"WebPage\",\"@id\":\"https:\/\/salterltd.com.tr\/index.php\/urunler\/\",\"url\":\"https:\/\/salterltd.com.tr\/index.php\/urunler\/\",\"name\":\"\\u00dcr\\u00fcnler\"}},{\"@type\":\"ListItem\",\"position\":3,\"item\":{\"@type\":\"WebPage\",\"@id\":\"http:\/\/salterltd.com.tr\/index.php\/urunler\/fren-ve-kavramalar\/\",\"url\":\"http:\/\/salterltd.com.tr\/index.php\/urunler\/fren-ve-kavramalar\/\",\"name\":\"Fren ve kavramalar\"}},{\"@type\":\"ListItem\",\"position\":4,\"item\":{\"@id\":\"http:\/\/salterltd.com.tr\/index.php\/urunler\/fren-ve-kavramalar\/akim-baskili-tozlu-fren-ve-kavrama\/#webpage\"}}]}]}<\/script>\n<!-- \/ Yoast SEO plugin. -->","_links":{"self":[{"href":"http:\/\/salterltd.com.tr\/index.php\/wp-json\/wp\/v2\/pages\/743"}],"collection":[{"href":"http:\/\/salterltd.com.tr\/index.php\/wp-json\/wp\/v2\/pages"}],"about":[{"href":"http:\/\/salterltd.com.tr\/index.php\/wp-json\/wp\/v2\/types\/page"}],"author":[{"embeddable":true,"href":"http:\/\/salterltd.com.tr\/index.php\/wp-json\/wp\/v2\/users\/1"}],"replies":[{"embeddable":true,"href":"http:\/\/salterltd.com.tr\/index.php\/wp-json\/wp\/v2\/comments?post=743"}],"version-history":[{"count":0,"href":"http:\/\/salterltd.com.tr\/index.php\/wp-json\/wp\/v2\/pages\/743\/revisions"}],"up":[{"embeddable":true,"href":"http:\/\/salterltd.com.tr\/index.php\/wp-json\/wp\/v2\/pages\/558"}],"wp:attachment":[{"href":"http:\/\/salterltd.com.tr\/index.php\/wp-json\/wp\/v2\/media?parent=743"}],"wp:term":[{"taxonomy":"wf_page_folders","embeddable":true,"href":"http:\/\/salterltd.com.tr\/index.php\/wp-json\/wp\/v2\/wf_page_folders?post=743"}],"curies":[{"name":"wp","href":"https:\/\/api.w.org\/{rel}","templated":true}]}}